ided by 36?
8
Let j(f) = -2*f**3 - 3*f - 3. Let b be j(-2). Suppose -4*v - 30 = -3*s, -s - s + 3*v = -b. What is the remainder when 8/20 + 193/5 is divided by s?
11
Calculate the remainder when 364 is divided by ((-368)/(-24))/23*(-123)/(-2).
36
Suppose 3 - 7 = -4*v. Let f = v - -5. Suppose -3*y - 5 = 5*m, 68*m - 71*m - y + 1 = 0. Calculate the remainder when f is divided by m.
0
Suppose -4*j - y = 4*y - 49, j = 2*y + 9. Suppose -144 = 15*r - j*r. Let h = -20 - r. Calculate the remainder when 45 is divided by h.
13
Let t(z) = 5*z + 2. Let p be t(1). Suppose -p*o = -1270 + 416. Calculate the remainder when o is divided by 31.
29
Let o = -42 + 44. Calculate the remainder when 38 is divided by (0 - o - 13)*(-2)/3.
8
Let d = 38 + -33. Suppose -4*k + d*p = -76, 4*k + 4*p - 76 = -0. Calculate the remainder when 91 is divided by k.
15
Suppose -3*x - 757 = -5*p, -437 + 2 = -3*p - 3*x. What is the remainder when p is divided by 38?
35
Suppose -604 = -4*l + 2*w, 0 = 4*l - 2*l - 2*w - 302. Calculate the remainder when l is divided by 35.
11
Suppose -2*b - 4 = 0, 4*b + 6 = -5*q + b. Suppose -6*p + 23 + 67 = q. What is the remainder when 102 is divided by p?
12
Suppose -148*s = -155*s + 105. Calculate the remainder when s is divided by 3.
0
Let i(v) = v**3 - 12*v**2 + 3*v + 43. What is the remainder when i(13) is divided by 36?
35
Suppose 188*q = 192*q - 12. Suppose -2*l = -5*n - 38, q*n + 95 = l + 4*l. What is the remainder when 68 is divided by l?
11
Suppose 3208 - 10461 = -164*k + 3243. Let s = -4 + 5. What is the remainder when k is divided by (-2 + 1)/s - -12?
9
Let q = -8 - -25. Suppose 2*z - 3 = -q. Let t = z - -16. Calculate the remainder when 35 is divided by t.
8
Let i = 1322 - 1177. What is the remainder when i is divided by 49?
47
Let a(g) = -19*g + 166. What is the remainder when 96 is divided by a(8)?
12
Suppose -163 + 46 = -3*m. Let z(b) = -b**3 + 9*b**2 - 9*b + 9. Let o be z(8). What is the remainder when m is divided by (-2 - -4)/(o/4)?
7
Let p(u) = 3*u**2 - 5*u - 12. What is the remainder when 110 is divided by p(4)?
14
Let s = 2 + 1. Suppose 4 + 12 = -8*g. Let b = 4 - g. Calculate the remainder when b is divided by s.
0
Let g(d) = 13*d + 126. What is the remainder when 30 is divided by g(-9)?
3
Let q(p) be the third derivative of -p**4/24 - p**3/6 + 4*p**2. Let h be q(-1). Suppose h = -2*c + 16. What is the remainder when 14 is divided by c?
6
Let q(l) = -l**3 + 5*l**2 - l. Let v be q(4). Suppose 3*k = -3 + v. Suppose -k*c = -254 + 35. Calculate the remainder when c is divided by 25.
23
Let q(a) = a**3 - 9*a**2 + a - 12. Let c be q(9). Let d(x) = -8*x - 4. Let s be d(c). Suppose -s = -5*t + t. What is the remainder when t is divided by 4?
1
Suppose 0 = -4*a + 5*f + 26, 4*a - 4*f = 6 + 18. Suppose 0 = 3*c - 4*j - 251, -5*c = -j - a*j - 410. What is the remainder when c is divided by 20?
17
Let f(t) = t**2 + 37*t - 157. What is the remainder when f(8) is divided by 79?
45
Suppose 187 = 5*q - 23. Let p = q + -17. Calculate the remainder when 44 - (12/(-30) + 36/(-10)) is divided by p.
23
Suppose 80 = -0*l + 4*l. Let p = -2 + l. What is the remainder when p is divided by 11?
7
Suppose 9*j = 13*j - 3*d - 81, 51 = 3*j + d. Calculate the remainder when 46 is divided by j.
10
Let q = -294 + 310. Calculate the remainder when 57 is divided by q.
9
What is the remainder when (-6)/12*114*(-8)/6 is divided by 20?
16
Suppose 5*s = -y + 32, -2*y + 3*s - 6*s = -78. What is the remainder when 163 is divided by y?
37
Let y = 230 + -208. Calculate the remainder when 239 is divided by y.
19
Let z = 88 - 28. Let h(n) = n**2 - 10*n - 97. Calculate the remainder when z is divided by h(-7).
16
Let c = -1 + -14. What is the remainder when (-17)/(c/(-10)*4/(-6)) is divided by 9?
8
Suppose -3*t = 5*f - 11033, 0 = -15*t + 16*t - 1. What is the remainder when f is divided by 8?
6
Let r = -24 - -26. Suppose -1 = -k, -r*k - 40 = 2*a - 0*k. What is the remainder when 41 is divided by (2 - 0)*a/(-2)?
20
Let m be 4/10 + 196/35. Suppose m*g = 3*g + 117. Let c = g + -28. Calculate the remainder when 43 is divided by c.
10
Let v = -463 + 469. What is the remainder when 105 is divided by v?
3
Suppose -19 + 11 = -2*b. Suppose 4*u - 60 = -b. Calculate the remainder when u is divided by 5.
4
Suppose 3*c = 5*c - 16. Suppose -4*w = -2*w - c. Suppose -w*s + 118 = -114. Calculate the remainder when s is divided by 15.
13
Let j(w) = 12*w - 34. Let f(i) = -i. Let y(v) = 5*f(v) + j(v). What is the remainder when 26 is divided by y(6)?
2
Suppose 0 = 8*o - 36 - 36. Calculate the remainder when 366 is divided by o.
6
Let w = -49 + 79. Let v be (-2 + (-33)/(-9))*3. Calculate the remainder when w is divided by 66/9 - ((-10)/3)/v.
6
Let x(z) = -12*z + 125. What is the remainder when 144 is divided by x(8)?
28
Let n(v) = -47*v - 42. What is the remainder when n(-5) is divided by 66?
61
Suppose -17*v + 528 = 16*v. What is the remainder when v is divided by 7?
2
Let v = 6 - -4. Calculate the remainder when 62/v + 64/80 is divided by 2.
1
Calculate the remainder when (-85 - -83) + -1 + 1*1465 is divided by 77.
76
Calculate the remainder when 57/(-4)*(0 - (-24)/(-9)) is divided by 3.
2
Suppose -p + 2*p - i = 38, 5*p - 2*i - 187 = 0. Let w = -104 - -286. Calculate the remainder when w is divided by p.
34
Suppose -2*c = -0*i - 2*i + 100, -c + 85 = 2*i. Let y(d) = -d**2 - 13*d - 7. Let f be y(-9). Let k = f - 13. Calculate the remainder when i is divided by k.
13
Let k(t) = t**3 - 4*t**2 - 6*t + 14. Let y(r) = -2*r**3 - 5*r**2 - 4*r - 1. Let b be y(-3). What is the remainder when ((-16)/b)/((-4)/130) is divided by k(5)?
8
Let f be (27/3)/(3*1). Calculate the remainder when 1 + -4 + 73 - -1*f is divided by 60/4*5/3.
23
Suppose -76*w + 81*w = 85. Calculate the remainder when 45 is divided by w.
11
Suppose -7*l = 5*l - 6576. What is the remainder when l is divided by 29?
26
Let d(b) = b**3 + 7*b**2 - 28*b - 83. Calculate the remainder when 94 is divided by d(-9).
3
Let b = 976 + -959. What is the remainder when 62 is divided by b?
11
Let h = -279 + 321. What is the remainder when 82 is divided by h?
40
Suppose 2*d + d + 15 = 0, -4*t = -4*d - 100. Suppose -4*w - 2*x - t = 2*x, -2*w + x + 2 = 0. Calculate the remainder when 12 - ((-6)/w)/(-2) is divided by 8.
7
Let m(h) = 2*h**3 - 12*h**2 + 16*h + 28. Let o = -14 - -24. Calculate the remainder when m(5) is divided by o.
8
Let k(b) = -b**3 + 7*b**2 + 11*b - 6. Suppose 10*p = 4*p + 48. Calculate the remainder when k(p) is divided by 7.
4
Let i(m) = m + 13. Let c(k) = k**3 + 18*k**2 + 15*k - 16. Calculate the remainder when i(20) is divided by c(-17).
15
Let w = 137 + -44. Calculate the remainder when w is divided by (0 - -1)*(4 - -43).
46
Let x be 40/12*(-132)/(-10). Suppose -5*g - x = -3*l, -2*l + g = -l - 12. What is the remainder when 14 is divided by l?
6
Let f = 47 + -42. Suppose 0 = 2*n - f*t - 375, 4*n - 2*t = -0*n + 742. Calculate the remainder when n is divided by 31.
30
Let t = 57 + 32. Let r = 101 - t. Calculate the remainder when 71 is divided by r.
11
Suppose 0 = 23*m - 24*m + 127. Calculate the remainder when m is divided by 22.
17
Let b be (-19)/1 - (-5 - -4). Let f = 29 + b. Suppose -o = u - 28 - 0, 0 = -2*o + 3*u + 71. What is the remainder when o is divided by f?
9
Suppose -g - 10695 = -4*b - 1962, 2*b - 3*g - 4379 = 0. What is the remainder when b is divided by 12?
10
Let h(g) = -2*g**3 - 6*g**2. Let b(p) = p**3 + 9*p**2 + 31*p + 191. What is the remainder when h(-4) is divided by b(-8)?
4
Let i = -282 - -511. Calculate the remainder when i is divided by 77.
75
Let h = 175 - 156. What is the remainder when 26 is divided by h?
7
Suppose s - 2*k - 2*k - 12 = 0, 0 = -s + k + 3. Suppose s = -7*a + 3*a + 4*h + 48, -4*h - 8 = a. What is the remainder when 15 is divided by a?
7
What is the remainder when (6 - (5 + 2)) + 208 is divided by 71?
65
Calculate the remainder when 246 is divided by ((-49)/(-98))/((-1)/(-50)).
21
Suppose -k + 0*k = -3. Suppose -3*s = -k - 81. Calculate the remainder when (-2)/7 - 7/(98/(-1544)) is divided by s.
26
Let w = 106 - 84. Let p = 254 + -167. What is the remainder when p is divided by w?
21
Let h(p) = p**3 - 2*p**2 + 5*p - 2. Calculate the remainder when h(3) is divided by 16 + 35/(-11 - -6).
4
Let i(g) =